r when o is divided by f.
3
Suppose 79*i = -515*i - 226*i + 25420. Suppose 5*b = 3*h + 451, -5*h - 2*b = 812 - 81. Let k = h - -238. Calculate the remainder when k is divided by i.
29
Let n(s) = 5*s - 98. Suppose 5*y = -4*q + 64, y = 4*q - 17 - 71. Calculate the remainder when 62 is divided by n(q).
6
Let b(k) = k**3 + k**2 - 19*k + 10. Let j be b(-5). Suppose 2*v + 2 = 0, 4*o - j*v - 10 - 19 = 0. What is the remainder when 24 is divided by o?
0
Suppose -3*n - 8351 = -2*p, 258*p - 4143 = 257*p - 5*n. What is the remainder when p is divided by 110?
98
Let f = 1876 - 1645. What is the remainder when f is divided by 60?
51
Suppose -65*f + 11995 + 8186 = 2436. What is the remainder when 459 is divided by f?
186
Suppose 4 - 10 = -3*f, 3*f = -3*q + 462. Calculate the remainder when q/(-14)*(-1 + 30/(-12)) is divided by 11.
5
Suppose -170*q = -164*q - 48. Let l(f) = f**3 + 9*f**2 + 8*f + 2. Let k be l(-8). Suppose k = 3*y - 7. What is the remainder when q is divided by y?
2
Calculate the remainder when 99 is divided by 6/((-24)/(-44)) + 0/(-1).
0
Calculate the remainder when 70 is divided by -29*(8 - 36/4).
12
Suppose 0 = -2*f - 156 + 216. Calculate the remainder when f is divided by 3*15/(-9)*(-22)/10.
8
Suppose -20*u + 19*u = -20. Suppose -g + u = 4*g. Suppose -4*v - 2*r + 96 = 0, r - 19 = -v + g. What is the remainder when 45 is divided by v?
20
Suppose 1078927 = 20*p + 1076427. What is the remainder when p is divided by (3*4)/((-1)/(-4))?
29
Calculate the remainder when 103753/104 - ((-2)/(-6))/(160/(-180)) is divided by 200.
198
Let k(n) = -105*n - 1666. Suppose -2*d + 222 = 4*d. What is the remainder when d is divided by k(-16)?
9
Let v(j) = 0*j**2 - 2*j + j + 23 - j**2. What is the remainder when v(0) is divided by 3/(-28)*2 + (-198702)/(-16268)?
11
Let k = -201 + 96. Let o(h) = h**2 + 4*h - 19. What is the remainder when ((-120)/(-28))/((-5)/k) is divided by o(-8)?
12
Let b(i) = 105*i + 6419. Let j(w) = 35*w - 3. What is the remainder when j(2) is divided by b(-61)?
11
Suppose 5*u = -f - 321, 258 = -30*u + 26*u - 2*f. Let k = u + 69. What is the remainder when 29 is divided by k?
4
Let w(f) = 11*f**3 + 18*f - 39. What is the remainder when w(4) is divided by 123?
122
Suppose 2*n - 4*n = 2. Calculate the remainder when n*(-2)/10*-5*-138 is divided by 21.
12
Let i = -205 + 185. Let r(d) = -2*d**2 - 43*d - 34. What is the remainder when 68 is divided by r(i)?
16
Suppose -z = -5*z - u + 10, -8 = -5*z + u. Suppose 18 = z*i - 3*l, 16 = 4*l + 24. Calculate the remainder when 19 is divided by i.
1
Let f = -68 + 131. What is the remainder when 2067 is divided by f?
51
Let n = 308 - 187. Suppose -41 + n = 4*i. What is the remainder when (-1)/4 + 149/4 is divided by i?
17
Suppose 5*s - 2*s = 0. Let n = -347 + 350. Suppose 2 = -5*i - 3, -4*v - n*i + 9 = s. Calculate the remainder when v is divided by 3.
0
Let v(z) = -z**3 - z**2 + z + 106. Let p = 1539 + -1503. Calculate the remainder when v(0) is divided by p.
34
Let r be 9 + 1 + (-32)/8. Suppose r*h - 29 - 25 = 0. Calculate the remainder when 10 is divided by h.
1
Let i = -45 + 54. Let y be (23/(-3))/(1/(-3)). Let p = y + i. Calculate the remainder when p is divided by 7.
4
Suppose 2*p - 74341 = -3*q, -123900 = 7*q - 12*q - 3*p. What is the remainder when q is divided by 71?
69
Let m(v) = 4*v**2 - 272*v - 2090. Suppose 4 = 3*p - 8. What is the remainder when 74/p*(1 - -1) is divided by m(-7)?
7
Let r be (1 - 3)*(-2 - -6). Let h(y) = y**3 + 11*y**2 - 73. What is the remainder when h(r) is divided by 28?
7
Let p = 251 + -332. Let r = p - -85. Calculate the remainder when ((-38)/4)/((-2)/4) is divided by r.
3
Let r be 2 + 0 + (-2)/1. Suppose 3*v + 106 - 25 = 3*g, r = -v - 3. Calculate the remainder when ((-1722)/1722)/(((-2)/(-4))/(71/(-2))) is divided by g.
23
Let o(j) = 21*j + 94. What is the remainder when 230 is divided by o(-3)?
13
Calculate the remainder when 113 is divided by -33*(24/(-9))/4 + (-6 - 0).
1
Let o = 5074 + -4947. Calculate the remainder when o is divided by 56.
15
Let d(y) = 2*y**3 - 59*y**2 + 126*y + 440. Calculate the remainder when d(43) is divided by 18.
17
Suppose -295 = -5*p + 2*q + 444, -4*p + 3*q + 594 = 0. Let o(j) = -4*j + 119. What is the remainder when p is divided by o(26)?
12
Let p = -244 + 246. Calculate the remainder when (-6)/(6/41)*p/(-2) is divided by 14.
13
Let u = -11933 + 12189. Calculate the remainder when 2799 is divided by u.
239
Let o(b) = 19. Let z(j) = -j - 56. Let g(v) = -11*o(v) - 4*z(v). Let n be g(11). Suppose 0 = c + 4 - n. What is the remainder when c is divided by 19?
17
Suppose 2*d + 520 = 7*d. Let f = -9002 - -9057. What is the remainder when d is divided by f?
49
Let b(s) = s**2 - 13. Let u be b(-3). Let w be -4 - (-4)/(u/(-133)). Suppose -61*c + w = -60*c. Calculate the remainder when c is divided by 13.
12
Let m be 168/40*(-2 + -3). Let s = 75 + m. Calculate the remainder when s is divided by 25.
4
Suppose -378*r - 107 = -379*r. Suppose 46 = 9*x - r. Calculate the remainder when 109 is divided by x.
7
Let g be 2/8 - (-3)/4. Suppose -41*n = -43*n + 2*c + 46, -6*n + 4*c = -150. What is the remainder when n is divided by 3/(g + 2) + 7?
5
Let z(m) = 3*m**2 - 18*m - 2108. What is the remainder when z(39) is divided by 352?
345
Suppose -v - 10*v + 3264 = 6*v. What is the remainder when v is divided by 110/4 + 2/4?
24
Suppose 0 = x - 3*x - 2. Let b = -10812 + 10818. Calculate the remainder when 53 is divided by ((-8)/x)/(-24) + 92/b.
8
Suppose -5*o + 24 = 5*d - 4*d, 0 = -d + 4*o - 21. Let k(i) = -85*i. Calculate the remainder when k(d) is divided by 11.
8
Let i = -5631 + 6842. Calculate the remainder when i is divided by 87.
80
Let q = -32 - -62. Suppose 2*d = 5*f - 508, -24*f + 22*f - 3*d = -188. What is the remainder when f is divided by q?
10
Let n(c) be the second derivative of 35*c**3/6 + 2*c**2 - 127*c. Calculate the remainder when n(1) is divided by 15.
9
Let m = -59 - -54. Let o(a) = a**2 + 4*a + 2. Let l be o(m). What is the remainder when l/((-21)/(-6)) + 21 is divided by 6?
5
Let m = 133 + -135. What is the remainder when (-5)/(20/(-956)) + 4/m is divided by 40?
37
Suppose -2*b + 111 = -109. Suppose 0 = 3*a + 5*q - 143, 2*q + b = 5*a - 87. Calculate the remainder when 200 is divided by a.
36
Suppose 0 = 4*a + 52*f - 56*f - 412, 0 = -5*f - 5. Calculate the remainder when 163 is divided by a.
61
Suppose 5*h - 10 = 0, 4*q + 5*h = 30 + 8. Suppose 0*m - 5*m + 2*y = 14, y + 8 = -5*m. What is the remainder when q is divided by (-2 + m)/(-1*2)?
1
Let g be (-54)/(-36) - (-3)/((-18)/(-87)). Suppose -g*l + 15*l = -30. What is the remainder when 89 is divided by l?
29
Suppose -2*o = 3*q - 14 - 63, -2*o - q + 71 = 0. What is the remainder when 322 is divided by o?
16
Let v(a) = 8*a**3 - 4*a**2 + 12*a - 11. Let g(p) = 1. Let l(u) = -3*g(u) + v(u). Calculate the remainder when l(2) is divided by 12.
10
Let s(c) = 27*c**2 + c + 1. Let l(r) = -r**3 - 19*r**2 - 45*r - 73. Let g be l(-18). Let j = 429 - g. Calculate the remainder when s(2) is divided by j.
15
Suppose -48*i - 9*i = 59*i - 918720. What is the remainder when i is divided by 25?
20
Suppose -138*j + 609011 + 34207 = 0. What is the remainder when j is divided by 44?
41
Suppose 81 = 6*u - 123. Let x = 228 - 173. Calculate the remainder when x is divided by u.
21
Let o(v) = -120*v**3 - 3*v**2 - 10*v - 12. Let d be o(-2). Suppose -3*z - 4*i = -1030 - d, i = z - 655. What is the remainder when z is divided by 66?
64
Let q(l) = 3*l**2 + 25*l - 6. Let u(s) = s**2 + 13*s - 3. Let f(p) = 4*q(p) - 7*u(p). Calculate the remainder when f(3) is divided by 8.
5
Suppose 1139*v + 2938 = 1141*v. Suppose v - 1479 = -g. What is the remainder when g is divided by 4?
2
Let r = 183 - 159. Suppose 0 = -r*v - 23 + 239. Let d = 13 - -4. Calculate the remainder when d is divided by v.
8
Let m = -20671 + 20988. What is the remainder when m is divided by 29?
27
Suppose 9*n - 54 = 63. Let d(h) = 10*h**2 + 9*h**2 - n*h**2 + 11*h - 1 - 2. Calculate the remainder when d(-6) is divided by 25.
22
Let a = -1349 + 1360. Calculate the remainder when 2647 is divided by a.
7
Suppose -150 = -9*l + 3*l. Let m(r) = 43*r + 62. Calculate the remainder when l is divided by m(-1).
6
Suppose -177*r + 538 - 174 = -163*r. Suppose 143 - 41 = 